undred thousands digit of 343868?
3
What is the ten thousands digit of 877046?
7
What is the ten thousands digit of 436980?
3
What is the tens digit of 182862?
6
What is the ten thousands digit of 3695053?
9
What is the hundred thousands digit of 341519?
3
What is the millions digit of 3399607?
3
What is the tens digit of 148455?
5
What is the tens digit of 1441895?
9
What is the millions digit of 1163724?
1
What is the hundred thousands digit of 1357493?
3
What is the hundred thousands digit of 678299?
6
What is the tens digit of 730309?
0
What is the thousands digit of 483039?
3
What is the hundreds digit of 84360?
3
What is the units digit of 25793375?
5
What is the tens digit of 7776475?
7
What is the ten thousands digit of 22395110?
9
What is the hundreds digit of 86530?
5
What is the hundred thousands digit of 3023260?
0
What is the units digit of 2037312?
2
What is the tens digit of 705201?
0
What is the units digit of 4927772?
2
What is the thousands digit of 292033?
2
What is the ten thousands digit of 689345?
8
What is the tens digit of 121273?
7
What is the thousands digit of 1076406?
6
What is the ten thousands digit of 80740?
8
What is the hundred thousands digit of 146411?
1
What is the hundreds digit of 1100466?
4
What is the hundreds digit of 2877933?
9
What is the hundreds digit of 1304302?
3
What is the hundreds digit of 601253?
2
What is the hundreds digit of 504573?
5
What is the thousands digit of 903296?
3
What is the ten thousands digit of 50704?
5
What is the hundreds digit of 201847?
8
What is the hundreds digit of 7125848?
8
What is the hundreds digit of 564117?
1
What is the thousands digit of 1580769?
0
What is the tens digit of 61909?
0
What is the tens digit of 487664?
6
What is the ten thousands digit of 79735?
7
What is the hundreds digit of 320120?
1
What is the units digit of 7104190?
0
What is the hundreds digit of 20722504?
5
What is the tens digit of 6552023?
2
What is the units digit of 16155624?
4
What is the hundreds digit of 316779?
7
What is the units digit of 577142?
2
What is the hundreds digit of 8404450?
4
What is the thousands digit of 1062401?
2
What is the hundred thousands digit of 457044?
4
What is the units digit of 325852?
2
What is the tens digit of 493413?
1
What is the hundred thousands digit of 2666047?
6
What is the ten thousands digit of 817552?
1
What is the thousands digit of 668407?
8
What is the hundred thousands digit of 15624309?
6
What is the thousands digit of 7614817?
4
What is the hundreds digit of 18895990?
9
What is the hundreds digit of 555924?
9
What is the thousands digit of 1044442?
4
What is the millions digit of 8746791?
8
What is the millions digit of 5142666?
5
What is the millions digit of 14900854?
4
What is the thousands digit of 2517245?
7
What is the units digit of 14048365?
5
What is the units digit of 2611388?
8
What is the units digit of 232363?
3
What is the hundreds digit of 493113?
1
What is the units digit of 5245949?
9
What is the tens digit of 201376?
7
What is the ten thousands digit of 141004?
4
What is the thousands digit of 4457199?
7
What is the ten thousands digit of 203742?
0
What is the hundreds digit of 10059860?
8
What is the thousands digit of 3567532?
7
What is the units digit of 10776274?
4
What is the units digit of 2794436?
6
What is the hundreds digit of 281276?
2
What is the hundreds digit of 2691812?
8
What is the hundreds digit of 2236097?
0
What is the ten thousands digit of 208384?
0
What is the hundreds digit of 16679230?
2
What is the millions digit of 7556850?
7
What is the millions digit of 12072012?
2
What is the ten thousands digit of 221782?
2
What is the thousands digit of 3780?
3
What is the thousands digit of 2734456?
4
What is the thousands digit of 275862?
5
What is the hundreds digit of 171882?
8
What is the thousands digit of 95216?
5
What is the units digit of 488370?
0
What is the units digit of 6356829?
9
What is the millions digit of 6221985?
6
What is the thousands digit of 8971829?
1
What is the ten thousands digit of 721123?
2
What is the units digit of 1155382?
2
What is the hundred thousands digit of 232776?
2
What is the hundred thousands digit of 359429?
3
What is the units digit of 566737?
7
What is the thousands digit of 199581?
9
What is the hundred thousands digit of 896843?
8
What is the thousands digit of 30316982?
6
What is the tens digit of 205957?
5
What is the ten thousands digit of 482512?
8
What is the hundred thousands digit of 21827005?
8
What is the hundred thousands digit of 2990589?
9
What is the ten thousands digit of 112219?
1
What is the hundred thousands digit of 27214611?
2
What is the thousands digit of 1263063?
3
What is the tens digit of 122077?
7
What is the tens digit of 3088194?
9
What is the hundreds digit of 2458019?
0
What is the hundred thousands digit of 691718?
6
What is the tens digit of 608286?
8
What is the tens digit of 4149721?
2
What is the hundred thousands digit of 4561098?
5
What is the tens digit of 298573?
7
What is the tens digit of 369812?
1
What is the hundred thousands digit of 2865921?
8
What is the thousands digit of 609307?
9
What is the hundred thousands digit of 143529?
1
What is the hundreds digit of 5501982?
9
What is the tens digit of 14035654?
5
What is the ten thousands digit of 645737?
4
What is the thousands digit of 211046?
1
What is the hundred thousands digit of 523548?
5
What is the hundreds digit of 783529?
5
What is the units digit of 158847?
7
What is the ten thousands digit of 13224586?
2
What is the ten thousands digit of 198675?
9
What is the tens digit of 13241704?
0
What is the hundreds digit of 18406706?
7
What is the ten thousands digit of 1164351?
6
What is the hundred thousands digit of 156963?
1
What is the ten millions digit of 38404634?
3
What is the thousands digit of 21646382?
6
What is the millions digit of 2210762?
2
What is the millions digit of 1022346?
1
What is the ten thousands digit of 21046598?
4
What is the hundred thousands digit of 3302047?
3
What is the tens digit of 83015?
1
What is the units digit of 1884215?
5
What is the hundred thousands digit of 8251817?
2
What is the tens digit of 644679?
7
What is the thousands digit of 6358466?
8
What is the units digit of 2746881?
1
What is the hundreds digit of 160144?
1
What is the millions digit of 19974250?
9
What is the hundred thousands digit of 1172158?
1
What is the thousands digit of 57714?
7
What is the units digit of 866703?
3
What is the hundreds digit of 574532?
5
What is the units digit of 39856?
6
What is the thousands digit of 11943161?
3
What is the units digit of 2256981?
1
What is the thousands digit of 464469?
4
What is the hundred thousands digit of 165859?
1
What is the tens digit of 6222913?
1
What is the thousands digit of 145881?
5
What is the hundred thousands digit of 5279507?
2
What is the thousands digit of 1252577?
2
What is the tens digit of 690813?
1
What is the tens digit of 129118?
1
What is the millions digit of 2277658?
2
What is the ten thousands digit of 196883?
9
What is the tens digit of 1894095?
9
What is the units digit of 570914?
4
What is the tens digit of 11556565?
6
What is the thousands digit of 732207?
2
What is the tens digit of 3679533?
3
What is the units digit of 1786567?
7
What is the hundreds digit of 904418?
4
What is the tens digit of 5095137?
3
What is the units digit of 128941?
1
What is the tens digit of 10944228?
2
What is the hundred thousands digit of 268900?
2
What is the millions digit of 2231498?
2
What is the hundreds digit of 12182671?
6
What is the millions digit of 5236230?
5
What is the thousands digit of 437244?
7
What is the ten thousands digit of 649305?
4
What is the hundred thousands digit of 6903225?
9
What is the ten thousands digit of 8655356?
5
What is the hundreds digit of 1755749?
7
What is the millions digit of 4111616?
4
What is the thousands digit of 38533?
8
What is the ten thousands digit of 41337984?
3
What is the hundreds digit of 2330158?
1
What is the ten millions digit of 31666009?
3
What is the hundreds digit of 4839927?
9
What is the ten thousands digit of 272432?
7
What is the ten thousands digit of 20046781?
4
What is the ten thousands digit of 21880552?
8
What is the mill